actors of q?
2
Let g = 1 - -3. Suppose 4*h + 12 - 28 = 0, -3*i + 35 = -g*h. List the prime factors of i.
17
Suppose -3*u + 13 = 5*v, -6*u + 2*v + 26 = -2*u. Let n(b) = -b**2 + 6*b + 6. Let t be n(u). What are the prime factors of t - (4 + 1*-2)?
2
Let j = -3 - 1. What are the prime factors of (-1)/j - 38/(-8)?
5
Suppose -3*y = 4*d - 25, -3*d - 5 = y - 5*d. Suppose -y*l + 7 = f, 5*f + l = 4*l + 71. What are the prime factors of f?
13
Suppose -3*t - 98 - 160 = 0. Let h be 6/33 - t/11. Let m = h + 6. List the prime factors of m.
2, 7
Suppose 4*d + 5*q = 107, -q + 79 = 3*d + 4*q. List the prime factors of d.
2, 7
Suppose 0 = 4*a - 4*m + 3*m - 513, 3*a = m + 384. List the prime factors of a.
3, 43
Let m = 181 - 109. What are the prime factors of m?
2, 3
Let c(z) = -z**3 + 4*z**2 - z - 3. Let h be (-70)/(-25) + 2/10. What are the prime factors of c(h)?
3
Let m(h) be the second derivative of 3*h**4/4 + 2*h. Suppose 2*o - 1 = o. List the prime factors of m(o).
3
Suppose r = 4*r + 30. Suppose -2*n - 19 = 7. Let f = r - n. List the prime factors of f.
3
Suppose 5*p = p + 4*m - 280, -3*m - 198 = 3*p. Let g = p + 98. What are the prime factors of g?
2, 3, 5
Let q = 1 - 1. Suppose q = -5*p - 2 + 12. What are the prime factors of -2 - (-5 + (2 - p))?
3
Let o = -4 - -7. Suppose 9 - 126 = -o*g. What are the prime factors of g?
3, 13
Suppose -4 - 18 = -2*n. List the prime factors of n.
11
Let t(l) = 41*l**2 + 3*l - 2. Let y be (-2)/((-1)/(-1) - 3). What are the prime factors of t(y)?
2, 3, 7
Let a = 12 - 8. Suppose 3*z - 80 = a*w, 4*w + 22 + 10 = z. What are the prime factors of z?
2, 3
Let d(o) be the first derivative of -o**3/3 + o + 3. Let c be d(1). Let a = 9 + c. What are the prime factors of a?
3
List the prime factors of (5864/5)/8 + 4/10.
3, 7
Let x(c) be the second derivative of 5*c**4/12 - c**3/6 - 4*c. Let u be x(1). Suppose -3*y + 5*w + 66 = 0, -6*y - u*w = -y - 73. List the prime factors of y.
17
Let v = 18 - 15. Suppose 0 = k - 2. Suppose -v*l + 3*u = -36, k*l + 3*u = -2*u - 4. What are the prime factors of l?
2
Let q = 8 - 2. Let s(l) = l**2 - 3*l. Let v be s(q). Suppose 3*o + 3*m = 33, 4*o + 4*m - v = 2*o. What are the prime factors of o?
13
Let z = -9 - -11. What are the prime factors of z?
2
Let a(h) = h**3 - 9*h**2 + 12. Suppose 4*l + 2*f - 46 = 0, -f - 12 = -3*l + 10. List the prime factors of a(l).
2, 3
Let h(d) = d**2 - 4*d - 6. Let j = 4 + 2. What are the prime factors of h(j)?
2, 3
List the prime factors of (-910)/21*(-6)/4.
5, 13
Suppose -6*x + 11*x = -30. Suppose -4*p + 41 = 3*s + 9, p - 8 = 5*s. Let m = x + p. List the prime factors of m.
2
Let c be 6/(-2 - 2/(-4)). What are the prime factors of 5/(-10) - 42/c?
2, 5
Let m(u) = 17*u - 31. List the prime factors of m(5).
2, 3
Let b = -7 + 10. Let x be 3*4/6 - 1. Let t = x + b. What are the prime factors of t?
2
Suppose 0*a + 4*a - 20 = 0. Suppose -2*p - 3*p - a*m + 15 = 0, p = 5*m + 21. List the prime factors of p.
2, 3
Let l(c) = -c**2 - 3*c - 2. Let g be l(-2). Suppose -r + g = -16. What are the prime factors of r?
2
What are the prime factors of (-9)/3 + 0 + 55?
2, 13
List the prime factors of ((-740)/12)/(2/(-6)).
5, 37
Let l = -12 + 14. Suppose -24 = -3*g + 3*f, 0 = 2*g + f - 2 - l. List the prime factors of g.
2
Let t(h) = 2*h - 2. Let w be t(8). Suppose -1 = -o, -3*v + 4*o = 314 + w. What are the prime factors of 4/10 - v/30?
2
Suppose 448 + 100 = 2*t - 4*n, 0 = -2*n - 4. What are the prime factors of t?
2, 3, 5
Let k(z) be the second derivative of -z**4/12 + 21*z**2/2 - z. What are the prime factors of k(0)?
3, 7
Suppose -6*j + 212 = -5*j. What are the prime factors of j?
2, 53
Let n(u) be the first derivative of 5*u**2/2 - 7*u - 1. Let c be n(5). Suppose -3*s + 21 = -c. List the prime factors of s.
13
Suppose 44*p + 210 = 49*p. List the prime factors of p.
2, 3, 7
Suppose -b + 3 = 4. List the prime factors of b/4 - 872/(-32).
3
Suppose -4*s + 3*v = -762, -2*s + v = -178 - 202. What are the prime factors of s?
3, 7
Suppose -2*c - 2*c + 12 = 0. Suppose -c*w + 6*w = -4*s + 38, -4*w + 3*s = -59. What are the prime factors of w?
2, 7
Suppose j - 105 = -2*j. Suppose -z = 4*z - j. Suppose 5*p - 2*b = -7*b + 5, -p - z = 5*b. List the prime factors of p.
3
Suppose 4*m = 3*w - 0*m + 3, 5*m - 12 = w. List the prime factors of 2 - ((-14 - 3) + w).
2
Let w be (-2)/9 - 4/(-18). Let q be 3/((-12)/(-3) - 3). Let z = q - w. What are the prime factors of z?
3
Let v = 4 - 7. Let z = v + 8. Suppose -4*x = m - z*m + 44, x - 37 = -3*m. List the prime factors of m.
2, 3
Let q(m) = -m**2 + 9*m. What are the prime factors of q(5)?
2, 5
Suppose 0 = 5*s - 3*s - 3*a - 47, 0 = 5*s - a - 85. List the prime factors of s.
2
Let u(s) = s**3 + 6*s**2 + s + 6. Let c be u(-6). Suppose -2*y + 3*t - 1 + 10 = c, 2*t = -4*y - 6. Suppose 0*z - 4*z + 48 = y. List the prime factors of z.
2, 3
Suppose 2*t - 53 - 27 = 0. Suppose -x = -m + t, 3*m - 112 = 6*x - x. What are the prime factors of m?
2, 11
Suppose -2*h = 3*x, -5*h + 3*x - x + 19 = 0. Suppose h*f + 16 - 58 = 0. What are the prime factors of f?
2, 7
Suppose 0*l - l + 20 = -4*y, -2*y = -2*l + 16. Let f = 55 - 27. Suppose -l*r + f = 4*o, 0 = -0*o - 4*o - r + 34. What are the prime factors of o?
3
Let o = 1 - -2. Suppose -8*u + 45 = -o*u. What are the prime factors of u?
3
Suppose -3*l - 2 = 2*w - 33, -2*w = -l - 51. What are the prime factors of w?
23
Let d(x) = -x**3 + 10*x**2 + 12*x + 7. Let t be d(11). Suppose 0 = -5*u + 4*m - m + 102, 0 = -u + 3*m + t. List the prime factors of u.
3, 7
Suppose 3*i = f - 0*i - 20, 2*f = 3*i + 34. Let l = f + -9. Suppose 2*z - 5*z + 27 = 2*b, -4*b = -l*z + 1. List the prime factors of b.
2, 3
Suppose 0 = 14*u - 706 - 106. What are the prime factors of u?
2, 29
Let t(q) = q + 4. Let b = -4 + 7. Let j = b - 3. List the prime factors of t(j).
2
Let o(s) = -s**3 - 9*s**2 - 8*s. Let i be o(-8). Suppose -5*h + h = 5*u - 252, i = -5*u - 3*h + 249. List the prime factors of u.
2, 3
Let n(d) = 3*d**2 + d - 2. What are the prime factors of n(-5)?
2, 17
Suppose 23 = g - 12. Let q be 14/g + (-28)/(-5). What are the prime factors of q*3*3/9?
2, 3
Suppose -5*n + 50 = -n - 5*f, -5*n - 4*f + 42 = 0. What are the prime factors of n?
2, 5
Suppose 4*d = 5*g - 8*g + 243, 0 = 5*d - 3*g - 297. What are the prime factors of d?
2, 3, 5
Let z(j) = -j - 4. Suppose -5*m - 3*s = 43, -s + 32 = -4*m - 4*s. List the prime factors of z(m).
7
Let t(q) = q**3 + 4*q**2 - 7*q - 6. Suppose 31 = -2*k - 3. Let v = 12 + k. List the prime factors of t(v).
2
Let d = 15 + -7. Suppose 0 = -2*c - 3*h + 30 + d, 4*c - 3*h = 76. What are the prime factors of c?
19
Let g(i) = i**2 - 7*i - 41. What are the prime factors of g(-8)?
79
Let m = -6 - 0. Let o = 1 - m. List the prime factors of o.
7
Let n(m) = -m**2 - 3*m + 5. Suppose 2*v = 5*s + 16 + 4, -8 = 2*s - 2*v. Let l be n(s). Suppose 8 = u + 3*o, -u + l = o - 5*o. List the prime factors of u.
5
Let t(q) = 4*q**2 + 2*q - 2. What are the prime factors of t(-2)?
2, 5
Suppose -116 + 588 = 8*g. What are the prime factors of g?
59
Let n = -71 + 116. What are the prime factors of n?
3, 5
Let o = 215 - 126. What are the prime factors of o?
89
Let g = 5 - -40. Suppose 150 = 5*w + g. List the prime factors of w.
3, 7
Let f = 0 + 2. Let y be f - (8/2 + -2). List the prime factors of 4 + 3/(-3 - y).
3
List the prime factors of 3*2*15/18.
5
Suppose 50 = 3*r - r. What are the prime factors of (-30)/1*(-10)/r?
2, 3
Suppose -5*n - 17 = -7. Let d = 5 + n. What are the prime factors of d?
3
Let j(f) = -f**3 + 6*f**2 - 4*f. Let c = -3 - -7. Suppose 0*n - c = -n, 5*a = 5*n + 5. List the prime factors of j(a).
5
Let u = 0 - 0. Suppose u = 5*f + 4*y - 63, -3*f + 25 + 14 = 2*y. List the prime factors of f.
3, 5
Suppose -2*i - 5*c = 11, 2*i - 4*c - 1 + 3 = 0. Let a be 2/(-3) + (-2)/i. Suppose a = 2*x + 1 - 15. List the prime factors of x.
7
Suppose 6*g - 159 = 2*g + c, g = 5*c + 16. What are the prime factors of g?
41
Let q(t) = t**3 - 3*t**2 + 3*t - 3. Let o be q(3). What are the prime factors of (2/o)/((-1)/(-27))?
3
List the prime factors of (-215)/(-2) - (-2)/16*-4.
107
Let s(y) = -y**3 + y**2 - y + 10. Let c(z) = z**3 - 11*z**2 + 11*z - 9. Let o be c(10). Suppose -4 = -v - 3*v, -4*f + o = v. What are the prime factors of s(f)?
2, 5
Let r 